 c(n) = -2*n**3 + 15*n**2 - 9*n + 15. Give c(7).
1
Let p(k) = 36*k + 62. What is p(-2)?
-10
Let f(p) = -p**2 + 9*p - 4. Determine f(6).
14
Let c(o) = o**3 - 10*o**2 + 7*o - 7. Calculate c(9).
-25
Let a(f) = -16*f - 25. Determine a(-6).
71
Let v(a) = 17*a. What is v(-2)?
-34
Let r(u) = -2*u**2 - 24*u - 5. Calculate r(-12).
-5
Let f(x) = x**3 + 3*x**2 - x + 2. Give f(-3).
5
Let p(z) = -z**2 - 30*z - 42. Give p(-29).
-13
Let r(q) = q**2 + 3*q - 34. What is r(-8)?
6
Let f(t) = t**3 - 5*t**2 + 28. What is f(6)?
64
Let b(u) = -u**3 - 22*u**2 - u - 28. Give b(-22).
-6
Let m(w) = -w**2 - 20*w + 46. What is m(-21)?
25
Let s(m) = m**3 - 7*m**2 - 9*m. Calculate s(8).
-8
Let s(t) = -29*t - 101. Give s(-4).
15
Let o(n) = -n**3 - 12*n**2 + 16*n - 175. What is o(-14)?
-7
Let n(x) = -6*x + 248. Determine n(41).
2
Let c(m) = 3*m + 14. Give c(8).
38
Let n(r) = 18*r**2 - 2*r + 2. Give n(1).
18
Let l(n) = -4*n + 2. What is l(-5)?
22
Let m(d) = d**3 + 11*d**2 + 4*d + 5. Give m(-10).
65
Let o(v) = 11*v + 152. Calculate o(-14).
-2
Let w(q) = 3*q + 59. Give w(-17).
8
Let b(i) = i**3 + 5*i**2 - 8*i - 9. Calculate b(-7).
-51
Let w(r) = -r**3 + 7*r**2 + 2*r - 16. Calculate w(7).
-2
Let c(g) = g**3 + 36*g**2 - 80*g - 151. What is c(-38)?
1
Let a(o) = -o**3 + 5*o**2 - 4*o + 1. Calculate a(2).
5
Let t(y) = 4*y**3 + 5*y**2 + 3*y + 3. What is t(-3)?
-69
Let w(a) = 14*a + 16. What is w(-6)?
-68
Let u(p) = p**3 - 5*p**2 + 2*p - 17. Determine u(6).
31
Let d(j) = -j**2 - 35*j - 221. Determine d(-26).
13
Let d(c) = 10*c + 56. Calculate d(-4).
16
Let q(h) = h**3 - 36*h**2 + 68*h + 4. Give q(34).
4
Let c(d) = d**3 - 8*d**2 + 8*d - 10. Give c(7).
-3
Let v(f) = -f**2 + 10*f - 20. Determine v(6).
4
Let r(p) = 4*p + 362. Give r(-88).
10
Let l(k) = -k**3 - 55*k**2 + 54*k - 109. Give l(-56).
3
Let n(r) = -5*r + 2. Give n(-2).
12
Let h(y) = -2*y**3 + 24*y**2 - y + 7. Determine h(12).
-5
Let s(i) = -i**2 + 8*i - 22. Determine s(4).
-6
Let a(v) = -7*v**3 - v**2 + 2*v - 1. Calculate a(2).
-57
Let w(x) = 3*x**2 - 9*x - 28. Give w(5).
2
Let f(h) = -3*h**3 + 3*h**2 + 6*h + 6. Give f(-2).
30
Let a(c) = -c**2 - 15*c - 20. Determine a(-9).
34
Let s(k) = -3*k**3 + 25*k**2 - k + 15. Give s(8).
71
Let j(t) = -t**3 + 6*t**2 - 6*t. Determine j(4).
8
Let r(n) = -n**3 + 18*n**2 + n - 6. Calculate r(18).
12
Let g(k) = -49*k - 2. What is g(1)?
-51
Let l(k) = -12*k + 190. Determine l(13).
34
Let i(r) = 2*r - 6. Give i(7).
8
Let c(m) = -m - 3. Calculate c(-7).
4
Let t(m) = -2*m**2 + 9*m - 9. Calculate t(3).
0
Let l(r) = -r**2 - 5*r + 7. What is l(9)?
-119
Let w(f) = -3*f**2 - f - 1. What is w(2)?
-15
Let z(c) = -c**3 - 8*c**2 - 15*c - 7. Give z(-3).
-7
Let h(s) = -s**3 + 9*s**2 + 12*s - 12. Give h(10).
8
Let q(p) = p**3 + 4*p**2 - p - 1. Determine q(-4).
3
Let b(j) = -j**3 - j**2 + 2*j - 10. Calculate b(0).
-10
Let f(u) = 2*u**2 + 25*u + 20. What is f(-11)?
-13
Let h(j) = -j**2 + 35*j - 44. Determine h(32).
52
Let r(k) = -k**2 + 28*k - 191. Determine r(16).
1
Let x(j) = 112*j**3 - 1. Determine x(-1).
-113
Let k(c) = -2*c**2 - 6*c - 7. What is k(-3)?
-7
Let x(c) = 7*c - 22. Give x(4).
6
Let m(d) = d + 14. Determine m(7).
21
Let f(a) = 2*a**3 + 15*a**2 - 6*a + 7. Calculate f(-8).
-9
Let a(q) = q**3 + 14*q**2 + 15*q + 40. What is a(-13)?
14
Let d(b) = b**2 + 35*b - 566. Give d(12).
-2
Let r(n) = -2*n**2 - 10*n + 52. Give r(-9).
-20
Let l(o) = -17*o + 209. Calculate l(12).
5
Let p(k) = k**2 - 47*k + 439. Determine p(13).
-3
Let j(v) = 9*v + 7. Give j(-3).
-20
Let d(m) = -20*m - 427. What is d(-21)?
-7
Let y(n) = -4*n + 21. Give y(8).
-11
Let m(u) = u**3 + 18*u**2 - 17*u + 39. Give m(-19).
1
Let j(o) = o + 16. Calculate j(-12).
4
Let o(a) = a**3 + 15*a**2 + 10*a - 22. Give o(-14).
34
Let o(f) = f**3 - 6*f**2 + f - 8. Determine o(7).
48
Let r(g) = -2*g**2 + 9*g - 13. Determine r(2).
-3
Let m(u) = 7*u + 9. Give m(-5).
-26
Let z(u) = u**3 + 10*u**2 + 14*u + 5. Determine z(-8).
21
Let q(k) = -k + 7. Calculate q(5).
2
Let g(p) = 10*p - 83. Determine g(11).
27
Let k(f) = -f**2 - 8*f + 14. Calculate k(7).
-91
Let q(a) = a**3 - 14*a**2 + 15*a - 31. Determine q(13).
-5
Let z(x) = -3*x - 7. What is z(0)?
-7
Let d(m) = m**2 - 20*m + 14. Give d(19).
-5
Let s(u) = u**3 + 2*u**2 + u. Give s(-3).
-12
Let s(k) = -19*k**3 - 2*k**2 + 1. Give s(1).
-20
Let w(r) = -r**3 - 15*r**2 + 15*r - 14. Calculate w(-16).
2
Let i(h) = h**3 - 10*h**2 - 5. Calculate i(10).
-5
Let a(x) = 22*x + 45. Give a(-4).
-43
Let c(p) = -9*p - 8. What is c(-4)?
28
Let b(k) = 14*k**2 + 86*k + 5. Determine b(-6).
-7
Let x(d) = -4*d + 79. Calculate x(21).
-5
Let z(h) = 5*h**2 - 68*h + 49. What is z(13)?
10
Let y(x) = -x + 52. What is y(0)?
52
Let w(y) = -y**3 + 2*y**2 + 6*y - 7. Determine w(3).
2
Let f(h) = 2*h**2 + 16*h + 17. Determine f(-6).
-7
Let i(l) = -l**3 + 7*l**2 - 5*l + 7. Determine i(6).
13
Let x(t) = 2*t**2 - 57*t + 366. What is x(10)?
-4
Let a(l) = -l**2 + 8*l + 2. What is a(6)?
14
Let o(p) = -20*p + 170. Give o(8).
10
Let t(w) = 2*w**3 - 43*w**2 + 17*w + 85. Determine t(21).
1
Let n(d) = d**3 + 14*d**2 + 13*d + 2. Calculate n(-13).
2
Let v(c) = 5*c**3 - 2*c**2 - 2*c + 2. Give v(2).
30
Let a(l) = l**2 - l + 58. Calculate a(0).
58
Let u(r) = r - 33. Calculate u(26).
-7
Let t(i) = -i**3 + 6*i**2 + 8*i - 3. Give t(5).
62
Let n(z) = 7*z + 45. Calculate n(-6).
3
Let f(k) = -4*k**2 + 8. What is f(4)?
-56
Let o(c) = 8*c - 3. What is o(-5)?
-43
Let u(w) = w**2 - 13*w + 55. Determine u(6).
13
Let h(m) = m**2 + 5*m + 2. Give h(-5).
2
Let h(y) = -6*y + 4. What is h(-1)?
10
Let w(g) = -21*g + 178. Calculate w(8).
10
Let i(j) = j**3 + 2*j**2 - 3*j + 3. Determine i(-3).
3
Let p(a) = -70*a**2 - a + 2. Give p(1).
-69
Let h(t) = 4*t - 2. What is h(8)?
30
Let q(g) = -14*g - 130. Give q(-9).
-4
Let k(h) = 3*h**2 - 9*h + 13. Determine k(2).
7
Let i(o) = o**3 + 7*o**2 - 23*o + 53. Calculate i(-10).
-17
Let p(w) = -2*w**3 - 3*w**2 - w + 1. Determine p(-1).
1
Let w(r) = -71*r**2 - 10*r + 9. Give w(1).
-72
Let a(v) = -v**2 + 19*v + 3. Give a(19).
3
Let i(p) = 18*p - 254. Determine i(14).
-2
Let s(n) = -52*n + 28. Calculate s(2).
-76
Let v(w) = 18*w + 10. Determine v(6).
118
Let v(f) = -f - 11. Determine v(-14).
3
Let g(r) = -r**2 + 50*r - 260. What is g(6)?
4
Let q(w) = w**3 + 8*w**2 - 3*w - 19. Give q(-8).
5
Let o(m) = -m**2 - 5*m + 12. Give o(-8).
-12
Let k(p) = p**3 + 2*p**2 - 12*p - 10. Determine k(-4).
6
Let a(d) = d**2 - 3*d + 3. Determine a(-3).
21
Let h(b) = -4*b**3 - b**2 + 5*b + 2. Determine h(-2).
20
Let j(i) = 5*i**3 + 2*i**2 - 2*i + 8. Determine j(3).
155
Let y(h) = -h**2 + 50*h - 151. Calculate y(47).
-10
Let i(s) = -s**2 + s + 2. What is i(-2)?
-4
Let l(u) = -u**2 - 2*u + 17. What is l(-4)?
9
Let t(v) = -2*v + 4. Give t(8).
-12
Let c(n) = 55*n**2 - 10*n - 10. What is c(-1)?
55
Let h(m) = -m - 6. Determine h(8).
-14
Let u(t) = -t**2 - 8*t + 46. Calculate u(-13).
-19
Let n(p) = -2*p**2 + 7*p + 20. What is n(-2)?
-2
Let r(q) = -q**3 - 17*q**2 + 12*q - 23. Calculate r(-18).
85
Let b(x) = x + 5. Give b(1).
6
Let c(d) = -d**2 + 9*d - 12. Calculate c(5).
8
Let m(j) = -j**2 - 3*j + 6. Give m(3).
-12
Let j(s) = -64*s - 2. Give j(-2).
126
Let l(k) = 103*k - 604. Calculate l(6).
14
Let k(t) = 2*t + 25. Give k(-9).
7
Let y(p) = p**2 + 2*p + 9. Give y(4).
33
Let k(m) = 3*m**2 - 5*m - 12. Calculate k(4).
16
Let b(j) = -j**3 + 4*j**2 + j + 2. Determine b(3).
14
Let x(a) = -a**3 - 11*a**2 + 13*a + 4. What is x(-12)?
-8
Let j(y) = -y**2 + 3*y + 56. Determine j(-6).
2
Let u(l) = -l**3 + 3*l**2 + l + 1. What is u(3)?
4
Let f(j) = j + 15. Give f(3).
18
Let o(r) = 6*r + 44. Give o(-9).
-10
Let y(h) = -4*h + 21. Determine y(6).
-3
Let d(u) = 19*u + 4. Give d(4).
80
Let h(x) = -6*x**2 + 53*x - 36. Give h(8).
4
Let l(g) = g**2 + 8*g - 5. Give l(-4).
-21
Let j(p) = -2*p - 35. What is j(-13)?
-9
Let s(r) = r + 10. Give s(4).
14
Let g(a) = -a**3 - 8*a**2 - 22*a - 61. Give g(-6).
-1
Let p(c) = c**3 + 15*c**2 - 25*c + 19. Calculate p(-16).
163
Let f(d) = d**2 + 10*d - 4. Give f(-11).
7
Let g(i) = i**2 + i - 9. Calculate g(-7).
33
Let w(a) = 3*a**2 - 2*a - 5. Give w(4).
35
Let x(u) = 11*u**3 - u + 1. What is x(1)?
11
Let k(j) = j**3 - j**2 - 3*j + 1. Give k(3).
10
Let q(b) = -b**3 - 13*b**2 - 13*b - 10. Calculate q(-12).
2
Let a(l) = l**3 + 5*l**2 + 4*l + 1. Calculate a(-4).
1
Let x